y 3?
1
Suppose 11 = -l + 4*c, -2*l + 3 = -4*c + 5. Calculate the remainder when 18 is divided by 2/6*(l - -24).
7
Let k(a) be the first derivative of a**4/4 + 4*a**3 - 13*a**2/2 + 13*a - 6. What is the remainder when (1 + -2)*(-76)/2 is divided by k(-13)?
12
Let s be (1 + (-39)/(-15))*5. Suppose 0 = 3*f - 0*f - s. Calculate the remainder when 55 is divided by (28/f)/((-2)/(-6)).
13
Let v(w) = 7*w**2 - 5*w - 5. What is the remainder when 65 is divided by v(-2)?
32
Let x(v) = 561*v - 119. Let d(w) = 14*w - 3. Let j(l) = 119*d(l) - 3*x(l). What is the remainder when j(-1) is divided by 5?
2
Suppose 5*r = z + 10, 3*z = 2*r - 3*r + 18. Suppose o = 3*s - 66, 0 = 3*s + 2*s + r*o - 96. What is the remainder when s is divided by 11?
10
Suppose 5*f - 5*y + 2*y + 14 = 0, f - 5 = -2*y. Let j = f - -6. Calculate the remainder when 7 is divided by j.
2
Suppose -6*b - j + 26 = -4*b, 0 = -5*b - 2*j + 64. Calculate the remainder when 27 is divided by b.
3
Suppose 2*m = 4*m - 2. Let u(q) = -q - 6. Let k be u(-6). Let w(j) = -j**3 - j**2 + j + 2. What is the remainder when w(k) is divided by m?
0
Suppose 0*z + 4*z - 40 = 0. Calculate the remainder when 1 + 16 + 0/(-1) is divided by z.
7
Let m = -1 - -2. Let x be -2*(m + 0) + 7. Calculate the remainder when 6 is divided by 10*(2/x)/1.
2
Suppose 14*d - 424 = -172. Calculate the remainder when ((-33)/(-4))/((-2)/(-8)) is divided by d.
15
Suppose -3*m + 30 - 4 = 5*f, 4*f + 31 = 5*m. What is the remainder when 41 is divided by m?
6
Let p = 60 - -7. Calculate the remainder when p is divided by 23.
21
Suppose s - a = 0, 0 = -2*s + 3*a - 2*a + 5. What is the remainder when 6 is divided by s?
1
Let y(x) = -x - 4. Let a be y(-14). What is the remainder when 56/a + (-24)/(-60) is divided by 3?
0
Suppose 5*u = 2*u + 30. What is the remainder when u is divided by 2?
0
Suppose 0 = -0*a + 4*a - 40. What is the remainder when a is divided by 3?
1
Suppose 0*t - 2*t + 68 = 0. Calculate the remainder when t is divided by 9 + -4 + -6 + 10.
7
Suppose 9*x - g = 4*x + 70, -4*x = g - 47. Calculate the remainder when x is divided by (0 + 4)*1 + 0.
1
Let v = 15 + -8. Calculate the remainder when 12 is divided by v.
5
Suppose 5*v - 41 + 16 = 0. Suppose -4*c + 0*w = v*w + 1, -w = 2*c - 7. Calculate the remainder when (12/5)/(6/40) is divided by c.
4
Suppose 0 = -t - 3*t + 384. Let p = 165 - t. Suppose 3*s = -2*z + 35, -s + 6*s - p = 2*z. What is the remainder when 51 is divided by s?
12
Let o(h) = -h**3 + 5*h**2 + 7*h - 7. Let l be o(6). Calculate the remainder when 39 is divided by (l + (-2)/(-4))*-28.
11
Suppose 102 = 4*q + 34. Let x(u) = 5*u**3. What is the remainder when q is divided by x(1)?
2
Let v = -37 - -62. What is the remainder when v is divided by 9?
7
Let o be 2 - 2 - 0 - -2. Suppose -4 = -3*v - 4*r, -6*r - 9 = 2*v - r. Calculate the remainder when (32/5 - o)*5 is divided by v.
6
Let h = -120 - -193. Suppose -3*i - 2*u = -0*u - h, -3*i - 5*u + 70 = 0. What is the remainder when i is divided by 1 + 0 + 11 + (-39)/(-39)?
12
Let n(p) = 3*p - 8. Suppose 3*g - 28 = -1. Let q be n(g). Suppose -q = -r - 6. Calculate the remainder when 24 is divided by r.
11
Calculate the remainder when 19 is divided by 5/(-2)*(-11 + 7).
9
Suppose -5*w + 22 = -113. What is the remainder when w is divided by 16?
11
Let f = -3 - -6. Suppose -f*p = -227 + 86. Calculate the remainder when p is divided by 16.
15
Suppose -5*h = -3*r + 58, r + 3*h = h + 34. Calculate the remainder when 49 is divided by r.
23
Let s(a) = 2*a**3 - a**2 + a - 1. Let w(p) = -p**2 - 2*p + 4. Let i be w(-3). What is the remainder when s(i) is divided by 1?
0
Let p(g) = 4*g + 8 + 0 - 3*g - 1. Let o(c) = 2*c**2 + 5*c + 4. What is the remainder when p(12) is divided by o(-3)?
5
Let a(u) = u**2 - 7*u + 7. What is the remainder when a(10) is divided by 19?
18
Let u = -71 + 86. Calculate the remainder when u is divided by 7.
1
Let s = 8 + -6. Suppose -1 = 3*k - 2*k, 0 = -s*r - k + 11. Calculate the remainder when 10 is divided by 6*(-2)/r*-3.
4
Suppose -5*p = -3*p - 36. Suppose -p = -q + 18. Calculate the remainder when q is divided by 19.
17
Suppose 2*o - 24 = o. Suppose 0 = 5*c - o + 4. Calculate the remainder when (-1)/1 - (-5 + -3) is divided by c.
3
Let v(j) = j**2 + 6*j + 11. Let o be v(-10). Let d be -32 + (4/2 - 4). Let n = d + o. Calculate the remainder when 50 is divided by n.
16
Suppose 0 = -5*n + 1 - 11, m + n - 5 = 0. Calculate the remainder when 54 is divided by m.
5
Suppose 0 = 5*d - 2*r - 2, -2*d + 0*r - 4*r = -20. What is the remainder when 3 is divided by d?
1
Suppose -2*x + 0*x + 34 = -4*a, -x = 3*a - 27. Let y be (-6)/x + 23/7. Suppose u - y = 2. Calculate the remainder when 18 is divided by u.
3
Suppose -4*k + 6*k - 20 = 0. Let b = -4 + k. Suppose 4*z - 22 = -b. Calculate the remainder when 15 is divided by z.
3
Let s(t) = 8*t - 2. Let r(h) = 28*h**2 - h. Calculate the remainder when r(1) is divided by s(2).
13
Let t be ((-78)/9)/((-2)/36). Suppose 3*f + 48 = t. What is the remainder when f is divided by 13?
10
Let v(z) = -z + 40. What is the remainder when 73 is divided by v(21)?
16
Let g(i) be the first derivative of i**3/3 - i**2 - i + 3. What is the remainder when 11 is divided by g(-2)?
4
Suppose -172 = -3*w + 4*t, 2*t = 4*w - 2*t - 228. Let l = -5 + 48. Suppose 2*p = -k + l, 2*p + 5*k + 13 = 4*p. Calculate the remainder when w is divided by p.
18
Suppose -12 = 2*j - 28. Calculate the remainder when 27 is divided by j.
3
Suppose -4*c + 98 = -2*c. Calculate the remainder when c is divided by 13.
10
Let y = 4 - 10. Suppose 4*h - 12 = d, 5*d - 25 = 5*h - 2*h. Calculate the remainder when 6 is divided by y/(-4) - (-20)/d.
2
Let i be (-12)/(-18) - 136/(-3). Suppose -i = -2*q + 6. Calculate the remainder when q is divided by 9.
8
Let n(g) = g**3 - 11*g**2 - 35*g + 12. What is the remainder when n(14) is divided by 28?
26
Suppose -m = m - 8. What is the remainder when 49 is divided by (50/m)/(4/8)?
24
Suppose 9*g - 11 = 8*g. What is the remainder when 54 is divided by g?
10
Let k(u) = 2*u + 8. Calculate the remainder when 127 is divided by k(9).
23
Let a be (1/3)/(10/120). Let n = a - -8. Calculate the remainder when 34 is divided by n.
10
Suppose 3*h = 3*s - 153, 2*s + 5*h = -2*s + 231. Calculate the remainder when s is divided by 28.
26
Let f(s) = s**2 + 1. What is the remainder when 6 is divided by f(-1)?
0
What is the remainder when 18*2/(-18)*-33 is divided by 28?
10
Suppose 0 = -8*o + 87 + 33. Calculate the remainder when o is divided by 4.
3
Calculate the remainder when 2 is divided by ((-20)/90)/(1/(-9)).
0
Let m = 40 - 17. What is the remainder when 67 is divided by m?
21
Suppose -8 = -3*q + q. Suppose 12 = q*a - 28. Calculate the remainder when a is divided by 6.
4
Let a(u) = -u**3 + 4*u**2 - u + 2. Let t be a(4). Calculate the remainder when 37 is divided by t*(-30)/((-3)/(-1)).
17
What is the remainder when 45 is divided by (-2)/((4 + -1)/(-36))?
21
Suppose 8 = -7*q + 2*q + 4*x, 4*x = -4*q + 8. Suppose -3*i - 2*i + 335 = q. What is the remainder when i is divided by 17?
16
Let o = -76 - -81. Suppose 4*h - 40 = 36. What is the remainder when h is divided by o?
4
Let f(d) = -d**2 + d + 1. Let h be f(2). Let t(w) = 3*w + 5. Let u(i) = -1. Let p(x) = -t(x) - 5*u(x). What is the remainder when 8 is divided by p(h)?
2
Let r = 13 - 9. Suppose 0*m = r*m - 4. What is the remainder when 2 is divided by m?
0
What is the remainder when 87/(-2)*(-12)/9 is divided by 21?
16
Suppose 4*w - 196 = -3*v - w, -w = -2*v + 135. Calculate the remainder when v is divided by 23.
21
Let l = 37 - 17. Calculate the remainder when 38 is divided by l.
18
Suppose 0 = -4*b + 49 + 11. Calculate the remainder when b is divided by 6.
3
Let b = 3 - -1. Suppose -b*j + 7 + 5 = 0. What is the remainder when 5 is divided by j?
2
Let a(p) = 5*p**3 + 2*p**2 + p. Let w = 17 + -4. What is the remainder when a(2) is divided by w?
11
Suppose -4*n = r + 9, 0*n - 4*n + 4*r - 4 = 0. Let l = 10 + n. Calculate the remainder when 23 is divided by l.
7
Calculate the remainder when 70 is divided by 2 + (-2 - -2) - -7.
7
Suppose -2*n + 44 = 3*h, 3*n - 3*h = h + 66. Suppose 5*l = -4*u - n, 3*l + 8 = -l. What is the remainder when 47 is divided by (-16)/u*(-1 + 4)?
15
Let p be 8/(-16) - 73/2. Let w = 179 - 1